{"id":1831,"date":"2026-04-23T12:44:12","date_gmt":"2026-04-23T12:44:12","guid":{"rendered":"https:\/\/miniluzern.ch\/?page_id=1831"},"modified":"2026-04-23T12:47:15","modified_gmt":"2026-04-23T12:47:15","slug":"impressum","status":"publish","type":"page","link":"https:\/\/miniluzern.ch\/de\/impressum\/","title":{"rendered":"Impressum"},"content":{"rendered":"\n<h3 class=\"wp-block-heading\"><strong>Verantwortlich<\/strong> <strong>f\u00fcr den Inhalt dieser Website<\/strong><\/h3>\n\n\n\n<p><strong>MiniLuzern<br>Ein Projekt der StadtHirsch GmbH und City-Management Luzern<\/strong><\/p>\n\n\n\n<div class=\"wp-block-stackable-columns stk-block-columns stk-block stk-7e44583\" data-block-id=\"7e44583\"><div class=\"stk-row stk-inner-blocks stk-block-content stk-content-align stk-7e44583-column\">\n<div class=\"wp-block-stackable-column stk-block-column stk-column stk-block stk-6dd6526\" data-v=\"4\" data-block-id=\"6dd6526\"><div class=\"stk-column-wrapper stk-block-column__content stk-container stk-6dd6526-container stk--no-background stk--no-padding\"><div class=\"stk-block-content stk-inner-blocks stk-6dd6526-inner-blocks\">\n<h5 class=\"wp-block-heading\">StadtHirsch GmbH<\/h5>\n\n\n\n<p>c\/o Silvia Kaser<br>Kasimir-Pfyffer-Strasse 2<br>6003 Luzern<br>Schweiz<br>E-Mail: kaeser@stadthirsch.ch<\/p>\n<\/div><\/div><\/div>\n\n\n\n<div class=\"wp-block-stackable-column stk-block-column stk-column stk-block stk-6521d45\" data-v=\"4\" data-block-id=\"6521d45\"><div class=\"stk-column-wrapper stk-block-column__content stk-container stk-6521d45-container stk--no-background stk--no-padding\"><div class=\"stk-block-content stk-inner-blocks stk-6521d45-inner-blocks\">\n<h5 class=\"wp-block-heading\">City-Management Luzern<\/h5>\n\n\n\n<p>c\/o Erich Felber<br>Sempacherstrasse 1<br>6003 Luzern<br>Schweiz<br>E-Mail: erich.felber@citymanagement-luzern.ch<\/p>\n<\/div><\/div><\/div>\n<\/div><\/div>\n\n\n\n<hr class=\"wp-block-separator has-alpha-channel-opacity\"\/>\n\n\n\n<h3 class=\"wp-block-heading\">Kontakt<\/h3>\n\n\n\n<p>E-Mail: <a>info@miniluzern.ch<\/a><br>Website: <a href=\"https:\/\/miniluzern.ch\">https:\/\/miniluzern.ch<\/a><\/p>\n\n\n\n<hr class=\"wp-block-separator has-alpha-channel-opacity\"\/>\n\n\n\n<h3 class=\"wp-block-heading\">Haftungsausschluss<\/h3>\n\n\n\n<p>Die Inhalte unserer Website wurden mit gr\u00f6sster Sorgfalt erstellt.<br>F\u00fcr die Richtigkeit, Vollst\u00e4ndigkeit und Aktualit\u00e4t der Inhalte k\u00f6nnen wir jedoch keine Gew\u00e4hr \u00fcbernehmen.<\/p>\n\n\n\n<hr class=\"wp-block-separator has-alpha-channel-opacity\"\/>\n\n\n\n<h3 class=\"wp-block-heading\">Urheberrechte<\/h3>\n\n\n\n<p>Die Inhalte und Werke auf dieser Website unterliegen dem Urheberrecht.<br>Beitr\u00e4ge Dritter sind als solche gekennzeichnet.<\/p>\n\n\n\n<hr class=\"wp-block-separator has-alpha-channel-opacity\"\/>\n\n\n\n<h3 class=\"wp-block-heading\">Externe Links<\/h3>\n\n\n\n<p>Diese Website kann Links zu externen Websites Dritter enthalten.<br>F\u00fcr deren Inhalte sind ausschliesslich die jeweiligen Betreiber verantwortlich.<\/p>\n\n\n\n<div style=\"height:100px\" aria-hidden=\"true\" class=\"wp-block-spacer\"><\/div>\n\n\n\n<p><\/p>\n","protected":false},"excerpt":{"rendered":"<p>Verantwortlich f\u00fcr den Inhalt dieser Website MiniLuzernEin Projekt der StadtHirsch GmbH und City-Management Luzern StadtHirsch GmbH c\/o Silvia KaserKasimir-Pfyffer-Strasse 26003 LuzernSchweizE-Mail: kaeser@stadthirsch.ch City-Management Luzern c\/o Erich FelberSempacherstrasse 16003 LuzernSchweizE-Mail: erich.felber@citymanagement-luzern.ch Kontakt E-Mail: info@miniluzern.chWebsite: https:\/\/miniluzern.ch Haftungsausschluss Die Inhalte unserer Website wurden mit gr\u00f6sster Sorgfalt erstellt.F\u00fcr die Richtigkeit, Vollst\u00e4ndigkeit und Aktualit\u00e4t der Inhalte k\u00f6nnen wir jedoch keine [&hellip;]<\/p>\n","protected":false},"author":1,"featured_media":0,"parent":0,"menu_order":0,"comment_status":"closed","ping_status":"closed","template":"","meta":{"_eb_attr":"","iawp_total_views":6,"footnotes":""},"class_list":["post-1831","page","type-page","status-publish","hentry"],"blocksy_meta":[],"yoast_head":"<!-- This site is optimized with the Yoast SEO plugin v27.5 - https:\/\/yoast.com\/product\/yoast-seo-wordpress\/ -->\n<title>Impressum - Mini Luzern<\/title>\n<meta name=\"robots\" content=\"noindex, follow\" \/>\n<meta property=\"og:locale\" content=\"de_DE\" \/>\n<meta property=\"og:type\" content=\"article\" \/>\n<meta property=\"og:title\" content=\"Impressum - Mini Luzern\" \/>\n<meta property=\"og:description\" content=\"Verantwortlich f\u00fcr den Inhalt dieser Website MiniLuzernEin Projekt der StadtHirsch GmbH und City-Management Luzern StadtHirsch GmbH c\/o Silvia KaserKasimir-Pfyffer-Strasse 26003 LuzernSchweizE-Mail: kaeser@stadthirsch.ch City-Management Luzern c\/o Erich FelberSempacherstrasse 16003 LuzernSchweizE-Mail: erich.felber@citymanagement-luzern.ch Kontakt E-Mail: info@miniluzern.chWebsite: https:\/\/miniluzern.ch Haftungsausschluss Die Inhalte unserer Website wurden mit gr\u00f6sster Sorgfalt erstellt.F\u00fcr die Richtigkeit, Vollst\u00e4ndigkeit und Aktualit\u00e4t der Inhalte k\u00f6nnen wir jedoch keine [&hellip;]\" \/>\n<meta property=\"og:url\" content=\"https:\/\/miniluzern.ch\/de\/impressum\/\" \/>\n<meta property=\"og:site_name\" content=\"Mini Luzern\" \/>\n<meta property=\"article:modified_time\" content=\"2026-04-23T12:47:15+00:00\" \/>\n<meta name=\"twitter:card\" content=\"summary_large_image\" \/>\n<meta name=\"twitter:label1\" content=\"Gesch\u00e4tzte Lesezeit\" \/>\n\t<meta name=\"twitter:data1\" content=\"1\u00a0Minute\" \/>\n<script type=\"application\/ld+json\" class=\"yoast-schema-graph\">{\"@context\":\"https:\\\/\\\/schema.org\",\"@graph\":[{\"@type\":\"WebPage\",\"@id\":\"https:\\\/\\\/miniluzern.ch\\\/impressum\\\/\",\"url\":\"https:\\\/\\\/miniluzern.ch\\\/impressum\\\/\",\"name\":\"Impressum - Mini Luzern\",\"isPartOf\":{\"@id\":\"https:\\\/\\\/miniluzern.ch\\\/#website\"},\"datePublished\":\"2026-04-23T12:44:12+00:00\",\"dateModified\":\"2026-04-23T12:47:15+00:00\",\"breadcrumb\":{\"@id\":\"https:\\\/\\\/miniluzern.ch\\\/impressum\\\/#breadcrumb\"},\"inLanguage\":\"de\",\"potentialAction\":[{\"@type\":\"ReadAction\",\"target\":[\"https:\\\/\\\/miniluzern.ch\\\/impressum\\\/\"]}]},{\"@type\":\"BreadcrumbList\",\"@id\":\"https:\\\/\\\/miniluzern.ch\\\/impressum\\\/#breadcrumb\",\"itemListElement\":[{\"@type\":\"ListItem\",\"position\":1,\"name\":\"Startseite\",\"item\":\"https:\\\/\\\/miniluzern.ch\\\/\"},{\"@type\":\"ListItem\",\"position\":2,\"name\":\"Impressum\"}]},{\"@type\":\"WebSite\",\"@id\":\"https:\\\/\\\/miniluzern.ch\\\/#website\",\"url\":\"https:\\\/\\\/miniluzern.ch\\\/\",\"name\":\"Mini Luzern\",\"description\":\"\",\"publisher\":{\"@id\":\"https:\\\/\\\/miniluzern.ch\\\/#organization\"},\"potentialAction\":[{\"@type\":\"SearchAction\",\"target\":{\"@type\":\"EntryPoint\",\"urlTemplate\":\"https:\\\/\\\/miniluzern.ch\\\/?s={search_term_string}\"},\"query-input\":{\"@type\":\"PropertyValueSpecification\",\"valueRequired\":true,\"valueName\":\"search_term_string\"}}],\"inLanguage\":\"de\"},{\"@type\":\"Organization\",\"@id\":\"https:\\\/\\\/miniluzern.ch\\\/#organization\",\"name\":\"Mini Luzern\",\"url\":\"https:\\\/\\\/miniluzern.ch\\\/\",\"logo\":{\"@type\":\"ImageObject\",\"inLanguage\":\"de\",\"@id\":\"https:\\\/\\\/miniluzern.ch\\\/#\\\/schema\\\/logo\\\/image\\\/\",\"url\":\"https:\\\/\\\/miniluzern.ch\\\/wp-content\\\/uploads\\\/2025\\\/11\\\/MiniLuzern-Icon_freigestellt.webp\",\"contentUrl\":\"https:\\\/\\\/miniluzern.ch\\\/wp-content\\\/uploads\\\/2025\\\/11\\\/MiniLuzern-Icon_freigestellt.webp\",\"width\":1000,\"height\":999,\"caption\":\"Mini Luzern\"},\"image\":{\"@id\":\"https:\\\/\\\/miniluzern.ch\\\/#\\\/schema\\\/logo\\\/image\\\/\"}}]}<\/script>\n<!-- \/ Yoast SEO plugin. -->","yoast_head_json":{"title":"Impressum - Mini Luzern","robots":{"index":"noindex","follow":"follow"},"og_locale":"de_DE","og_type":"article","og_title":"Impressum - Mini Luzern","og_description":"Verantwortlich f\u00fcr den Inhalt dieser Website MiniLuzernEin Projekt der StadtHirsch GmbH und City-Management Luzern StadtHirsch GmbH c\/o Silvia KaserKasimir-Pfyffer-Strasse 26003 LuzernSchweizE-Mail: kaeser@stadthirsch.ch City-Management Luzern c\/o Erich FelberSempacherstrasse 16003 LuzernSchweizE-Mail: erich.felber@citymanagement-luzern.ch Kontakt E-Mail: info@miniluzern.chWebsite: https:\/\/miniluzern.ch Haftungsausschluss Die Inhalte unserer Website wurden mit gr\u00f6sster Sorgfalt erstellt.F\u00fcr die Richtigkeit, Vollst\u00e4ndigkeit und Aktualit\u00e4t der Inhalte k\u00f6nnen wir jedoch keine [&hellip;]","og_url":"https:\/\/miniluzern.ch\/de\/impressum\/","og_site_name":"Mini Luzern","article_modified_time":"2026-04-23T12:47:15+00:00","twitter_card":"summary_large_image","twitter_misc":{"Gesch\u00e4tzte Lesezeit":"1\u00a0Minute"},"schema":{"@context":"https:\/\/schema.org","@graph":[{"@type":"WebPage","@id":"https:\/\/miniluzern.ch\/impressum\/","url":"https:\/\/miniluzern.ch\/impressum\/","name":"Impressum - Mini Luzern","isPartOf":{"@id":"https:\/\/miniluzern.ch\/#website"},"datePublished":"2026-04-23T12:44:12+00:00","dateModified":"2026-04-23T12:47:15+00:00","breadcrumb":{"@id":"https:\/\/miniluzern.ch\/impressum\/#breadcrumb"},"inLanguage":"de","potentialAction":[{"@type":"ReadAction","target":["https:\/\/miniluzern.ch\/impressum\/"]}]},{"@type":"BreadcrumbList","@id":"https:\/\/miniluzern.ch\/impressum\/#breadcrumb","itemListElement":[{"@type":"ListItem","position":1,"name":"Startseite","item":"https:\/\/miniluzern.ch\/"},{"@type":"ListItem","position":2,"name":"Impressum"}]},{"@type":"WebSite","@id":"https:\/\/miniluzern.ch\/#website","url":"https:\/\/miniluzern.ch\/","name":"Mini Luzern","description":"","publisher":{"@id":"https:\/\/miniluzern.ch\/#organization"},"potentialAction":[{"@type":"SearchAction","target":{"@type":"EntryPoint","urlTemplate":"https:\/\/miniluzern.ch\/?s={search_term_string}"},"query-input":{"@type":"PropertyValueSpecification","valueRequired":true,"valueName":"search_term_string"}}],"inLanguage":"de"},{"@type":"Organization","@id":"https:\/\/miniluzern.ch\/#organization","name":"Mini Luzern","url":"https:\/\/miniluzern.ch\/","logo":{"@type":"ImageObject","inLanguage":"de","@id":"https:\/\/miniluzern.ch\/#\/schema\/logo\/image\/","url":"https:\/\/miniluzern.ch\/wp-content\/uploads\/2025\/11\/MiniLuzern-Icon_freigestellt.webp","contentUrl":"https:\/\/miniluzern.ch\/wp-content\/uploads\/2025\/11\/MiniLuzern-Icon_freigestellt.webp","width":1000,"height":999,"caption":"Mini Luzern"},"image":{"@id":"https:\/\/miniluzern.ch\/#\/schema\/logo\/image\/"}}]}},"_links":{"self":[{"href":"https:\/\/miniluzern.ch\/de\/wp-json\/wp\/v2\/pages\/1831","targetHints":{"allow":["GET"]}}],"collection":[{"href":"https:\/\/miniluzern.ch\/de\/wp-json\/wp\/v2\/pages"}],"about":[{"href":"https:\/\/miniluzern.ch\/de\/wp-json\/wp\/v2\/types\/page"}],"author":[{"embeddable":true,"href":"https:\/\/miniluzern.ch\/de\/wp-json\/wp\/v2\/users\/1"}],"replies":[{"embeddable":true,"href":"https:\/\/miniluzern.ch\/de\/wp-json\/wp\/v2\/comments?post=1831"}],"version-history":[{"count":4,"href":"https:\/\/miniluzern.ch\/de\/wp-json\/wp\/v2\/pages\/1831\/revisions"}],"predecessor-version":[{"id":1835,"href":"https:\/\/miniluzern.ch\/de\/wp-json\/wp\/v2\/pages\/1831\/revisions\/1835"}],"wp:attachment":[{"href":"https:\/\/miniluzern.ch\/de\/wp-json\/wp\/v2\/media?parent=1831"}],"curies":[{"name":"wp","href":"https:\/\/api.w.org\/{rel}","templated":true}]}}

<h3 class="wp-block-heading"><strong>Verantwortlich</strong> <strong>für den Inhalt dieser Website</strong></h3>



<p><strong>MiniLuzern<br>Ein Projekt der StadtHirsch GmbH und City-Management Luzern</strong></p>



<div class="wp-block-stackable-columns stk-block-columns stk-block stk-7e44583" data-block-id="7e44583"><div class="stk-row stk-inner-blocks stk-block-content stk-content-align stk-7e44583-column">
<div class="wp-block-stackable-column stk-block-column stk-column stk-block stk-6dd6526" data-v="4" data-block-id="6dd6526"><div class="stk-column-wrapper stk-block-column__content stk-container stk-6dd6526-container stk--no-background stk--no-padding"><div class="stk-block-content stk-inner-blocks stk-6dd6526-inner-blocks">
<h5 class="wp-block-heading">StadtHirsch GmbH</h5>



<p>c/o Silvia Kaser<br>Kasimir-Pfyffer-Strasse 2<br>6003 Luzern<br>Schweiz<br>E-Mail: kaeser@stadthirsch.ch</p>
</div></div></div>



<div class="wp-block-stackable-column stk-block-column stk-column stk-block stk-6521d45" data-v="4" data-block-id="6521d45"><div class="stk-column-wrapper stk-block-column__content stk-container stk-6521d45-container stk--no-background stk--no-padding"><div class="stk-block-content stk-inner-blocks stk-6521d45-inner-blocks">
<h5 class="wp-block-heading">City-Management Luzern</h5>



<p>c/o Erich Felber<br>Sempacherstrasse 1<br>6003 Luzern<br>Schweiz<br>E-Mail: erich.felber@citymanagement-luzern.ch</p>
</div></div></div>
</div></div>



<hr class="wp-block-separator has-alpha-channel-opacity"/>



<h3 class="wp-block-heading">Kontakt</h3>



<p>E-Mail: <a>info@miniluzern.ch</a><br>Website: <a href="https://miniluzern.ch">https://miniluzern.ch</a></p>



<hr class="wp-block-separator has-alpha-channel-opacity"/>



<h3 class="wp-block-heading">Haftungsausschluss</h3>



<p>Die Inhalte unserer Website wurden mit grösster Sorgfalt erstellt.<br>Für die Richtigkeit, Vollständigkeit und Aktualität der Inhalte können wir jedoch keine Gewähr übernehmen.</p>



<hr class="wp-block-separator has-alpha-channel-opacity"/>



<h3 class="wp-block-heading">Urheberrechte</h3>



<p>Die Inhalte und Werke auf dieser Website unterliegen dem Urheberrecht.<br>Beiträge Dritter sind als solche gekennzeichnet.</p>



<hr class="wp-block-separator has-alpha-channel-opacity"/>



<h3 class="wp-block-heading">Externe Links</h3>



<p>Diese Website kann Links zu externen Websites Dritter enthalten.<br>Für deren Inhalte sind ausschliesslich die jeweiligen Betreiber verantwortlich.</p>



<div style="height:100px" aria-hidden="true" class="wp-block-spacer"></div>



<p></p>

<p>Verantwortlich für den Inhalt dieser Website MiniLuzernEin Projekt der StadtHirsch GmbH und City-Management Luzern StadtHirsch GmbH c/o Silvia KaserKasimir-Pfyffer-Strasse 26003 LuzernSchweizE-Mail: kaeser@stadthirsch.ch City-Management Luzern c/o Erich FelberSempacherstrasse 16003 LuzernSchweizE-Mail: erich.felber@citymanagement-luzern.ch Kontakt E-Mail: info@miniluzern.chWebsite: https://miniluzern.ch Haftungsausschluss Die Inhalte unserer Website wurden mit grösster Sorgfalt erstellt.Für die Richtigkeit, Vollständigkeit und Aktualität der Inhalte können wir jedoch keine [&hellip;]</p>

<!-- This site is optimized with the Yoast SEO plugin v27.5 - https://yoast.com/product/yoast-seo-wordpress/ -->
<title>Impressum - Mini Luzern</title>
<meta name="robots" content="noindex, follow" />
<meta property="og:locale" content="de_DE" />
<meta property="og:type" content="article" />
<meta property="og:title" content="Impressum - Mini Luzern" />
<meta property="og:description" content="Verantwortlich für den Inhalt dieser Website MiniLuzernEin Projekt der StadtHirsch GmbH und City-Management Luzern StadtHirsch GmbH c/o Silvia KaserKasimir-Pfyffer-Strasse 26003 LuzernSchweizE-Mail: kaeser@stadthirsch.ch City-Management Luzern c/o Erich FelberSempacherstrasse 16003 LuzernSchweizE-Mail: erich.felber@citymanagement-luzern.ch Kontakt E-Mail: info@miniluzern.chWebsite: https://miniluzern.ch Haftungsausschluss Die Inhalte unserer Website wurden mit grösster Sorgfalt erstellt.Für die Richtigkeit, Vollständigkeit und Aktualität der Inhalte können wir jedoch keine [&hellip;]" />
<meta property="og:url" content="https://miniluzern.ch/de/impressum/" />
<meta property="og:site_name" content="Mini Luzern" />
<meta property="article:modified_time" content="2026-04-23T12:47:15+00:00" />
<meta name="twitter:card" content="summary_large_image" />
<meta name="twitter:label1" content="Geschätzte Lesezeit" />
	<meta name="twitter:data1" content="1 Minute" />
<script type="application/ld+json" class="yoast-schema-graph">{"@context":"https:\/\/schema.org","@graph":[{"@type":"WebPage","@id":"https:\/\/miniluzern.ch\/impressum\/","url":"https:\/\/miniluzern.ch\/impressum\/","name":"Impressum - Mini Luzern","isPartOf":{"@id":"https:\/\/miniluzern.ch\/#website"},"datePublished":"2026-04-23T12:44:12+00:00","dateModified":"2026-04-23T12:47:15+00:00","breadcrumb":{"@id":"https:\/\/miniluzern.ch\/impressum\/#breadcrumb"},"inLanguage":"de","potentialAction":[{"@type":"ReadAction","target":["https:\/\/miniluzern.ch\/impressum\/"]}]},{"@type":"BreadcrumbList","@id":"https:\/\/miniluzern.ch\/impressum\/#breadcrumb","itemListElement":[{"@type":"ListItem","position":1,"name":"Startseite","item":"https:\/\/miniluzern.ch\/"},{"@type":"ListItem","position":2,"name":"Impressum"}]},{"@type":"WebSite","@id":"https:\/\/miniluzern.ch\/#website","url":"https:\/\/miniluzern.ch\/","name":"Mini Luzern","description":"","publisher":{"@id":"https:\/\/miniluzern.ch\/#organization"},"potentialAction":[{"@type":"SearchAction","target":{"@type":"EntryPoint","urlTemplate":"https:\/\/miniluzern.ch\/?s={search_term_string}"},"query-input":{"@type":"PropertyValueSpecification","valueRequired":true,"valueName":"search_term_string"}}],"inLanguage":"de"},{"@type":"Organization","@id":"https:\/\/miniluzern.ch\/#organization","name":"Mini Luzern","url":"https:\/\/miniluzern.ch\/","logo":{"@type":"ImageObject","inLanguage":"de","@id":"https:\/\/miniluzern.ch\/#\/schema\/logo\/image\/","url":"https:\/\/miniluzern.ch\/wp-content\/uploads\/2025\/11\/MiniLuzern-Icon_freigestellt.webp","contentUrl":"https:\/\/miniluzern.ch\/wp-content\/uploads\/2025\/11\/MiniLuzern-Icon_freigestellt.webp","width":1000,"height":999,"caption":"Mini Luzern"},"image":{"@id":"https:\/\/miniluzern.ch\/#\/schema\/logo\/image\/"}}]}</script>
<!-- / Yoast SEO plugin. -->

Verantwortlich für den Inhalt dieser Website MiniLuzernEin Projekt der StadtHirsch GmbH und City-Management Luzern StadtHirsch GmbH c/o Silvia KaserKasimir-Pfyffer-Strasse 26003 LuzernSchweizE-Mail: kaeser@stadthirsch.ch City-Management Luzern c/o Erich FelberSempacherstrasse 16003 LuzernSchweizE-Mail: erich.felber@citymanagement-luzern.ch Kontakt E-Mail: info@miniluzern.chWebsite: https://miniluzern.ch Haftungsausschluss Die Inhalte unserer Website wurden mit grösster Sorgfalt erstellt.Für die Richtigkeit, Vollständigkeit und Aktualität der Inhalte können wir jedoch keine [&hellip;]
